List the prime factors of x.
13, 109
Suppose 4*b - 3*m - 205 = 0, -3*m - m + 20 = 0. Suppose 425 = 4*c - b. List the prime factors of c.
2, 3, 5
What are the prime factors of (2 + -2 + 5 + -2)*228?
2, 3, 19
Let z(v) = v - 14. Let i be z(11). Let s be 6/18*41*i. Let u = -20 - s. List the prime factors of u.
3, 7
Suppose -x + l = -482, -4*l + l - 15 = 0. List the prime factors of x.
3, 53
Let q = 107 - 57. Suppose -q*u = -45*u - 100. What are the prime factors of u?
2, 5
Suppose 4*b + 0*u = -5*u + 17, 1 = b - 2*u. Suppose b*w - 18 = -6*w. Suppose m + m = -w*d + 72, 3*d + m = 98. What are the prime factors of d?
31
Let r(v) = 109*v - 22. What are the prime factors of r(3)?
5, 61
List the prime factors of 1406 - (-3)/(6/(-6)).
23, 61
Suppose 0 = -n - 0*n + 3. Suppose -3*a - n*d = -120, 69 = 4*a + 2*d - 99. Suppose 3*j - 152 = -a. List the prime factors of j.
2, 3
Let g(a) = -a**2 + 11*a + 5. Suppose -5*s - 31 = -d, -4*d + 3*s + 48 = 2*s. Let q be g(d). Suppose 0 = m - q - 28. What are the prime factors of m?
3, 11
Let z(t) be the first derivative of t**3/3 - 3*t**2 - 7*t + 6. Let w(r) = -3*r**2 + 12*r + 14. Let y(q) = -2*w(q) - 5*z(q). List the prime factors of y(-8).
23
List the prime factors of 929/2 + (-66)/(-44).
2, 233
Let l = -569 - -595. What are the prime factors of l?
2, 13
Let k = -108 - -131. Suppose -60 = -5*t - 2*f, 4*t + f = 2*t + k. List the prime factors of t.
2, 7
What are the prime factors of ((-18384)/192)/((-3)/(-4) + -1)?
383
Suppose 0 = -z + 5*z - 172. Let r = z + -30. Let u(x) = 5*x + 11. List the prime factors of u(r).
2, 19
Let v(m) = -m**2 - 16*m - 20. What are the prime factors of v(-11)?
5, 7
Let k(b) = -b**2 + 11*b - 7. Let t(c) = -c**3 - 5*c**2 - c - 6. Let y be t(-6). Suppose -2*h = -u - 3*h + 9, 4*u - 2*h = y. What are the prime factors of k(u)?
11
Let f = -16 - -49. Let i = f + -1. List the prime factors of i.
2
Suppose -3*v = -3*q - 2*v + 836, v + 276 = q. Suppose 168 = 3*h - 2*g, 0 = 5*h + 4*g + g - q. List the prime factors of h.
2, 7
Suppose c + 4 = 2*b, 0 = b - 5*b - 12. Let r = c + 11. Let s(m) = 28*m - 2. List the prime factors of s(r).
2, 13
Suppose 196 = 3*d - 410. List the prime factors of d.
2, 101
Let l(j) = 2*j**2 - 2*j + 1. Let f = -62 - -70. What are the prime factors of l(f)?
113
Let g(y) = 10*y - 30. Let k be g(8). List the prime factors of 1290/k*(-10)/(-2).
3, 43
Let k = -82 + 699. What are the prime factors of k?
617
Let g = 2 - 0. Suppose -3*v + 4*v - 87 = 0. What are the prime factors of (g - 1)/(3/v)?
29
Suppose -5*g + 0*b + 707 = 2*b, 0 = -4*g + 4*b + 588. What are the prime factors of -4 + (g - (-3 - -6))?
2, 17
Let k(h) = h**3 + 2*h**2 - 5*h - 3. Let b be k(-3). Suppose b*z - 336 = -z. List the prime factors of z/9 + (-3)/9.
3
Let u be 110/2 - (12 - 11). Let h be ((-4)/6)/((-9)/u). Suppose -2*i = h - 16. What are the prime factors of i?
2, 3
List the prime factors of ((-167389)/219)/((-2)/6).
2293
Let q = -2 + 7. Suppose -q*p = -2*s + 455, -4*p + 5*p - 855 = -4*s. What are the prime factors of s?
5, 43
Let h = -5 - -8. Suppose 0 = 4*v + 12, -2*v - 99 = -h*l - 5*v. Suppose 2*y = l + 38. List the prime factors of y.
37
Let m(n) = -27*n + 687. What are the prime factors of m(-22)?
3, 7, 61
Let z = 22 - 18. Suppose a - 3*a + z = 0. What are the prime factors of ((39 + -3)/1)/a?
2, 3
What are the prime factors of (-22)/(-1 + (-582)/(-588))?
2, 7, 11
Let d(c) = 8 - 23 + 18*c + 13*c. What are the prime factors of d(4)?
109
Suppose -505 = -5*v + 910. Let y = v + -98. Suppose 4*l + l = y. What are the prime factors of l?
37
What are the prime factors of (1/7)/(22/(-111980))*-7?
2, 5, 509
Let o = 6 + -1. Suppose -35 + 15 = o*q. What are the prime factors of (21 - 2) + (q - -1)?
2
Let p = -22 - -22. Suppose p = 2*z - 6 - 18. List the prime factors of z.
2, 3
Suppose -4*v + 36 = -0*v. Let d(l) = -l**2 + 9*l + 12. What are the prime factors of d(v)?
2, 3
Suppose -25 + 2 = -3*u - 4*l, -l + 2 = 0. Suppose -u*s = s - 60. List the prime factors of s.
2, 5
Let d(i) = -i**2 + 9*i - 8. Let n be d(9). Let r = n + 10. Suppose 0 = 6*c - c - 5*z - 245, -r*z = 5*c - 217. What are the prime factors of c?
3, 5
Let l = -3989 - -5843. List the prime factors of l.
2, 3, 103
Let t be (-123906)/(-18) + 4/(-6). Suppose -5*s - 3445 = 2*x, 3*s + t = -4*x - 0*s. List the prime factors of x/(-32) - (-6)/(-8).
53
Let n(z) = -2*z**2 + 15*z + 12. Let w be -2*1 + 7 + 6. Let c be n(w). Let l = c - -123. What are the prime factors of l?
2, 29
Let a(o) = o**2 + 16*o - 8. Let m(y) = y. Let r(t) = -a(t) + 6*m(t). Let q be (9 + 1)/(-3 - -2). List the prime factors of r(q).
2
Let f be (1/(-2))/((-3)/156). Suppose -2*t - f = -r, 0 = -3*r - t + 81 + 18. Let c = -24 + r. List the prime factors of c.
2
Suppose -q + 2967 = r, -17*r - q = -20*r + 8917. What are the prime factors of r?
2971
What are the prime factors of (-201 + -4)*(-174)/10?
3, 29, 41
Let z(p) = -7*p**3 - 3*p**2 - 4*p - 2. Let j(m) = -m**3 + 8*m**2 - 10*m - 14. Let y be j(6). What are the prime factors of z(y)?
2, 5
Let f = 61 + -56. Suppose 6*t = -f*t + 1221. What are the prime factors of t?
3, 37
Suppose -34 = 7*x + 1170. List the prime factors of 255/34*(x/(-3))/2.
5, 43
Suppose v - 27 = -7*j + 2*j, 5*j + 25 = 0. Let z = v - -1. List the prime factors of z.
53
Suppose -3*d = -2*d - 2*w - 550, -4*w + 2764 = 5*d. List the prime factors of d.
2, 3, 23
Let n = -4 - -6. Suppose -p - n*p + 2*z = -170, -4*z - 124 = -2*p. Let y = 82 - p. What are the prime factors of y?
2, 7
Suppose 0*u = -26*u + 22074. List the prime factors of u.
3, 283
Suppose -3458 = -8*u - 530. What are the prime factors of u?
2, 3, 61
Let p(d) be the third derivative of 1/3*d**3 + 3/8*d**4 - 1/60*d**5 + 2*d**2 + 0*d + 0. List the prime factors of p(4).
2, 11
Let j = 60 + -41. Suppose -16*m - 222 = -j*m. What are the prime factors of m?
2, 37
Suppose -10*r = -25*r + 7815. List the prime factors of r.
521
Suppose -4*o + 3 = -2*i - 15, 3*o + 4*i - 41 = 0. Let b be 30/10 + (-64)/(-4). Suppose 3*d = -9, -h + 4*d = o*d - b. What are the prime factors of h?
2, 7
Let t(b) be the third derivative of -b**6/120 - b**5/60 + b**4/4 + b**3/6 + 6*b**2. Let f be t(-3). Let s = 28 + f. List the prime factors of s.
29
Let h(j) = -3*j + 12. Let l be 0 - (-1 - -4 - -2). What are the prime factors of h(l)?
3
Let a = -312 + 1105. What are the prime factors of a?
13, 61
Let m(t) = -3 - 1 + 4*t**2 + 5*t - 3*t**2. List the prime factors of m(5).
2, 23
Suppose 0 = 6*d + d - 5306. List the prime factors of d.
2, 379
Let n = -85 + 129. Let f = n + 10. List the prime factors of f.
2, 3
Let z(v) = 3*v**3 - 7*v**2 - 2*v + 7. Let h be z(5). Suppose 2*m = -3*u + 207, -u + h = m + m. List the prime factors of m.
2, 3
Let j(t) = -73*t**3 - 4*t**2 - 4*t + 13. List the prime factors of j(-3).
2, 5, 7
Suppose -3*i = -6*i + 99. Let p = 73 - i. List the prime factors of p.
2, 5
Let y(d) = 30*d**2 - 2*d - 1. Let n be ((-4)/6)/((-4)/(-6)). What are the prime factors of y(n)?
31
Suppose p - 13 = -15. Let n be (3/(-7))/(p/14). Suppose -3*s = n*z - 120, s + 3*s - z = 185. List the prime factors of s.
3, 5
Let i(k) = -4*k**3 - 4*k - 3. Let v(p) = -p**3 - 8*p**2 + 8*p - 13. Let d be v(-9). Let c be ((-9)/(-6))/(3/d). List the prime factors of i(c).
37
Let g = -16 - -18. Suppose g*q + 53 - 7 = 0. Let d = -6 - q. List the prime factors of d.
17
Suppose -j + 35 + 124 = 0. Let m = j - 93. List the prime factors of m.
2, 3, 11
Let n(s) be the third derivative of s**4/6 + 2*s**2. List the prime factors of n(2).
2
Let x = -136 + 144. What are the prime factors of 267 - (-4 + x - 2)?
5, 53
Let s(l) = l**3 + 5*l**2 + 6*l + 10. Let g = 3 + -7. What are the prime factors of s(g)?
2
Suppose 0*g + g = 0. Suppose 3*v + 2 + 7 = g. List the prime factors of (-44)/(-4*v/(-6)).
2, 11
Suppose 2*x - 47 = -5*u, 29 + 22 = 3*x + u. Let z = 28 + -24. Suppose z = -3*i + x. What are the prime factors of i?
2
Suppose -5*p + 315 = -u - 0*u, 0 = -5*p - 4*u + 315. Let r = 21 + p. List the prime factors of r.
2, 3, 7
Let s(k) = 32*k - 6. Let x be s(3). Let r = 13 + x. List the prime factors of r.
103
Let j(y) be the first derivative of y**3/3 - 9*y**2/2 + 5*y + 4. Let p be j(9). Suppose p*r = -k - 1 + 12, 0 = 2*r - 2. What are the prime factors of k?
2, 3
Let n(k) = 3*k**2 - k + 